{"id":623,"date":"2026-03-31T07:32:38","date_gmt":"2026-03-31T07:32:38","guid":{"rendered":"https:\/\/czapla2.pl\/?page_id=623"},"modified":"2026-03-31T11:21:15","modified_gmt":"2026-03-31T11:21:15","slug":"o-nas","status":"publish","type":"page","link":"https:\/\/czapla2.pl\/?page_id=623","title":{"rendered":"O nas"},"content":{"rendered":"\n<ul class=\"wp-block-list\">\n<li>Studio ADS jest jednym z najbardziej rozpoznawalnych pozna\u0144skich biur architektonicznych w Polsce.<\/li>\n<\/ul>\n\n\n\n<ul class=\"wp-block-list\">\n<li>Biuro powsta\u0142o w 1989 roku, posiada 35 lat do\u015bwiadczenia w projektowaniu oraz bogate portfolio realizacji.<\/li>\n<\/ul>\n\n\n\n<ul class=\"wp-block-list\">\n<li>Specjalizuje si\u0119 w projektowaniu budynk\u00f3w u\u017cyteczno\u015bci publicznej, obiekt\u00f3w sportowych i rekreacyjnych, budynk\u00f3w mieszkalnych, obiekt\u00f3w biurowych oraz przestrzeni urbanistycznych.<\/li>\n<\/ul>\n\n\n\n<ul class=\"wp-block-list\">\n<li>Zrealizowane projekty znajduj\u0105 si\u0119 w wielu polskich miastach.<\/li>\n<\/ul>\n\n\n\n<ul class=\"wp-block-list\">\n<li>Wielokrotnie nagradzane za swoje projekty, czterokrotny laureat nagrody im. Jana Batysty Quadro.<\/li>\n<\/ul>\n\n\n\n<div class=\"wp-block-group has-global-padding is-content-justification-center is-layout-constrained wp-block-group-is-layout-constrained\">\n<hr class=\"wp-block-separator has-alpha-channel-opacity\"\/>\n\n\n\n<h2 class=\"wp-block-heading has-text-align-center is-style-default\" style=\"font-style:normal;font-weight:100\">Stary Browar etap I i II &#8211; Pozna\u0144<\/h2>\n\n\n\n<div class=\"wp-block-group is-content-justification-center is-nowrap is-layout-flex wp-container-core-group-is-layout-23441af8 wp-block-group-is-layout-flex\">\n<figure class=\"wp-block-image size-large is-resized\"><img loading=\"lazy\" decoding=\"async\" width=\"1024\" height=\"799\" src=\"https:\/\/czapla2.pl\/wp-content\/uploads\/2026\/03\/ONAS_StaryBrowar-Etap-II-1024x799.jpg\" alt=\"\" class=\"wp-image-639\" style=\"width:383px;height:auto\" srcset=\"https:\/\/czapla2.pl\/wp-content\/uploads\/2026\/03\/ONAS_StaryBrowar-Etap-II-1024x799.jpg 1024w, https:\/\/czapla2.pl\/wp-content\/uploads\/2026\/03\/ONAS_StaryBrowar-Etap-II-300x234.jpg 300w, https:\/\/czapla2.pl\/wp-content\/uploads\/2026\/03\/ONAS_StaryBrowar-Etap-II-768x600.jpg 768w, https:\/\/czapla2.pl\/wp-content\/uploads\/2026\/03\/ONAS_StaryBrowar-Etap-II.jpg 1500w\" sizes=\"auto, (max-width: 1024px) 100vw, 1024px\" \/><\/figure>\n\n\n\n<figure class=\"wp-block-image size-large is-resized\"><img loading=\"lazy\" decoding=\"async\" width=\"818\" height=\"1024\" src=\"https:\/\/czapla2.pl\/wp-content\/uploads\/2026\/03\/ONAS_StaryBrowar-Etap-I-818x1024.jpg\" alt=\"\" class=\"wp-image-638\" style=\"width:238px;height:auto\" srcset=\"https:\/\/czapla2.pl\/wp-content\/uploads\/2026\/03\/ONAS_StaryBrowar-Etap-I-818x1024.jpg 818w, https:\/\/czapla2.pl\/wp-content\/uploads\/2026\/03\/ONAS_StaryBrowar-Etap-I-240x300.jpg 240w, https:\/\/czapla2.pl\/wp-content\/uploads\/2026\/03\/ONAS_StaryBrowar-Etap-I-768x961.jpg 768w, https:\/\/czapla2.pl\/wp-content\/uploads\/2026\/03\/ONAS_StaryBrowar-Etap-I-1227x1536.jpg 1227w, https:\/\/czapla2.pl\/wp-content\/uploads\/2026\/03\/ONAS_StaryBrowar-Etap-I.jpg 1500w\" sizes=\"auto, (max-width: 818px) 100vw, 818px\" \/><\/figure>\n<\/div>\n<\/div>\n\n\n\n<div class=\"wp-block-group has-global-padding is-content-justification-center is-layout-constrained wp-block-group-is-layout-constrained\">\n<hr class=\"wp-block-separator has-alpha-channel-opacity\"\/>\n\n\n\n<h2 class=\"wp-block-heading has-text-align-center is-style-default\" style=\"font-style:normal;font-weight:100\">Greenpoint &#8211; Pozna\u0144<\/h2>\n\n\n\n<div class=\"wp-block-group is-content-justification-center is-nowrap is-layout-flex wp-container-core-group-is-layout-23441af8 wp-block-group-is-layout-flex\">\n<figure class=\"wp-block-image size-large is-resized\"><img loading=\"lazy\" decoding=\"async\" width=\"1024\" height=\"683\" src=\"https:\/\/czapla2.pl\/wp-content\/uploads\/2026\/03\/ONAS_Greenpoint-1024x683.jpg\" alt=\"\" class=\"wp-image-628\" style=\"width:646px;height:auto\" srcset=\"https:\/\/czapla2.pl\/wp-content\/uploads\/2026\/03\/ONAS_Greenpoint-1024x683.jpg 1024w, https:\/\/czapla2.pl\/wp-content\/uploads\/2026\/03\/ONAS_Greenpoint-300x200.jpg 300w, https:\/\/czapla2.pl\/wp-content\/uploads\/2026\/03\/ONAS_Greenpoint-768x512.jpg 768w, https:\/\/czapla2.pl\/wp-content\/uploads\/2026\/03\/ONAS_Greenpoint.jpg 1500w\" sizes=\"auto, (max-width: 1024px) 100vw, 1024px\" \/><\/figure>\n<\/div>\n<\/div>\n\n\n\n<div class=\"wp-block-group has-global-padding is-content-justification-center is-layout-constrained wp-block-group-is-layout-constrained\">\n<hr class=\"wp-block-separator has-alpha-channel-opacity\"\/>\n\n\n\n<h2 class=\"wp-block-heading has-text-align-center is-style-default\" style=\"font-style:normal;font-weight:100\">Browary Warszawskie &#8211; Warszawa<\/h2>\n\n\n\n<div class=\"wp-block-group is-content-justification-center is-nowrap is-layout-flex wp-container-core-group-is-layout-23441af8 wp-block-group-is-layout-flex\">\n<figure class=\"wp-block-image size-large is-resized\"><img loading=\"lazy\" decoding=\"async\" width=\"1024\" height=\"683\" src=\"https:\/\/czapla2.pl\/wp-content\/uploads\/2026\/03\/ONAS_Browary-Warszawskie-01-1024x683.jpg\" alt=\"\" class=\"wp-image-626\" style=\"width:312px;height:auto\" srcset=\"https:\/\/czapla2.pl\/wp-content\/uploads\/2026\/03\/ONAS_Browary-Warszawskie-01-1024x683.jpg 1024w, https:\/\/czapla2.pl\/wp-content\/uploads\/2026\/03\/ONAS_Browary-Warszawskie-01-300x200.jpg 300w, https:\/\/czapla2.pl\/wp-content\/uploads\/2026\/03\/ONAS_Browary-Warszawskie-01-768x512.jpg 768w, https:\/\/czapla2.pl\/wp-content\/uploads\/2026\/03\/ONAS_Browary-Warszawskie-01.jpg 1500w\" sizes=\"auto, (max-width: 1024px) 100vw, 1024px\" \/><\/figure>\n\n\n\n<figure class=\"wp-block-image size-large is-resized\"><img loading=\"lazy\" decoding=\"async\" width=\"1024\" height=\"683\" src=\"https:\/\/czapla2.pl\/wp-content\/uploads\/2026\/03\/ONAS_Browary-Warszawskie-02-1024x683.jpg\" alt=\"\" class=\"wp-image-627\" style=\"width:312px;height:auto\" srcset=\"https:\/\/czapla2.pl\/wp-content\/uploads\/2026\/03\/ONAS_Browary-Warszawskie-02-1024x683.jpg 1024w, https:\/\/czapla2.pl\/wp-content\/uploads\/2026\/03\/ONAS_Browary-Warszawskie-02-300x200.jpg 300w, https:\/\/czapla2.pl\/wp-content\/uploads\/2026\/03\/ONAS_Browary-Warszawskie-02-768x512.jpg 768w, https:\/\/czapla2.pl\/wp-content\/uploads\/2026\/03\/ONAS_Browary-Warszawskie-02.jpg 1500w\" sizes=\"auto, (max-width: 1024px) 100vw, 1024px\" \/><\/figure>\n<\/div>\n<\/div>\n\n\n\n<div class=\"wp-block-group has-global-padding is-content-justification-center is-layout-constrained wp-block-group-is-layout-constrained\">\n<hr class=\"wp-block-separator has-alpha-channel-opacity\"\/>\n\n\n\n<h2 class=\"wp-block-heading has-text-align-center is-style-default\" style=\"font-style:normal;font-weight:100\">Kosi\u0144skiego &#8211; Pozna\u0144<\/h2>\n\n\n\n<div class=\"wp-block-group is-content-justification-center is-nowrap is-layout-flex wp-container-core-group-is-layout-23441af8 wp-block-group-is-layout-flex\">\n<figure class=\"wp-block-image size-large is-resized\"><img loading=\"lazy\" decoding=\"async\" width=\"820\" height=\"1024\" src=\"https:\/\/czapla2.pl\/wp-content\/uploads\/2026\/03\/ONAS_Kosinskiego-01-820x1024.jpg\" alt=\"\" class=\"wp-image-629\" style=\"width:216px;height:auto\" srcset=\"https:\/\/czapla2.pl\/wp-content\/uploads\/2026\/03\/ONAS_Kosinskiego-01-820x1024.jpg 820w, https:\/\/czapla2.pl\/wp-content\/uploads\/2026\/03\/ONAS_Kosinskiego-01-240x300.jpg 240w, https:\/\/czapla2.pl\/wp-content\/uploads\/2026\/03\/ONAS_Kosinskiego-01-768x959.jpg 768w, https:\/\/czapla2.pl\/wp-content\/uploads\/2026\/03\/ONAS_Kosinskiego-01-1229x1536.jpg 1229w, https:\/\/czapla2.pl\/wp-content\/uploads\/2026\/03\/ONAS_Kosinskiego-01.jpg 1500w\" sizes=\"auto, (max-width: 820px) 100vw, 820px\" \/><\/figure>\n\n\n\n<figure class=\"wp-block-image size-large is-resized\"><img loading=\"lazy\" decoding=\"async\" width=\"1024\" height=\"681\" src=\"https:\/\/czapla2.pl\/wp-content\/uploads\/2026\/03\/ONAS_Kosinskiego-02-1024x681.jpg\" alt=\"\" class=\"wp-image-630\" style=\"width:407px;height:auto\" srcset=\"https:\/\/czapla2.pl\/wp-content\/uploads\/2026\/03\/ONAS_Kosinskiego-02-1024x681.jpg 1024w, https:\/\/czapla2.pl\/wp-content\/uploads\/2026\/03\/ONAS_Kosinskiego-02-300x200.jpg 300w, https:\/\/czapla2.pl\/wp-content\/uploads\/2026\/03\/ONAS_Kosinskiego-02-768x511.jpg 768w, https:\/\/czapla2.pl\/wp-content\/uploads\/2026\/03\/ONAS_Kosinskiego-02.jpg 1500w\" sizes=\"auto, (max-width: 1024px) 100vw, 1024px\" \/><\/figure>\n<\/div>\n<\/div>\n\n\n\n<div class=\"wp-block-group has-global-padding is-content-justification-center is-layout-constrained wp-block-group-is-layout-constrained\">\n<hr class=\"wp-block-separator has-alpha-channel-opacity\"\/>\n\n\n\n<h2 class=\"wp-block-heading has-text-align-center is-style-default\" style=\"font-style:normal;font-weight:100\">Palazzo Rosso &#8211; Pozna\u0144<\/h2>\n\n\n\n<div class=\"wp-block-group is-content-justification-center is-nowrap is-layout-flex wp-container-core-group-is-layout-23441af8 wp-block-group-is-layout-flex\">\n<figure class=\"wp-block-image size-large is-resized\"><img loading=\"lazy\" decoding=\"async\" width=\"681\" height=\"1024\" src=\"https:\/\/czapla2.pl\/wp-content\/uploads\/2026\/03\/ONAS_Palazzo-Rosso-681x1024.jpg\" alt=\"\" class=\"wp-image-634\" style=\"width:645px;height:auto\" srcset=\"https:\/\/czapla2.pl\/wp-content\/uploads\/2026\/03\/ONAS_Palazzo-Rosso-681x1024.jpg 681w, https:\/\/czapla2.pl\/wp-content\/uploads\/2026\/03\/ONAS_Palazzo-Rosso-200x300.jpg 200w, https:\/\/czapla2.pl\/wp-content\/uploads\/2026\/03\/ONAS_Palazzo-Rosso-768x1154.jpg 768w, https:\/\/czapla2.pl\/wp-content\/uploads\/2026\/03\/ONAS_Palazzo-Rosso-1022x1536.jpg 1022w, https:\/\/czapla2.pl\/wp-content\/uploads\/2026\/03\/ONAS_Palazzo-Rosso-1363x2048.jpg 1363w, https:\/\/czapla2.pl\/wp-content\/uploads\/2026\/03\/ONAS_Palazzo-Rosso.jpg 1500w\" sizes=\"auto, (max-width: 681px) 100vw, 681px\" \/><\/figure>\n<\/div>\n<\/div>\n\n\n\n<div class=\"wp-block-group has-global-padding is-layout-constrained wp-block-group-is-layout-constrained\">\n<hr class=\"wp-block-separator has-alpha-channel-opacity\"\/>\n\n\n\n<h2 class=\"wp-block-heading has-text-align-center is-style-default\" style=\"font-style:normal;font-weight:100\">Wenecja\u0144ska &#8211; Pozna\u0144<\/h2>\n\n\n\n<div class=\"wp-block-group is-content-justification-center is-nowrap is-layout-flex wp-container-core-group-is-layout-23441af8 wp-block-group-is-layout-flex\">\n<figure class=\"wp-block-image size-large is-resized\"><img loading=\"lazy\" decoding=\"async\" width=\"1024\" height=\"620\" src=\"https:\/\/czapla2.pl\/wp-content\/uploads\/2026\/03\/ONAS_Poznan-Wenecjanska-rozjasnione-1024x620.jpg\" alt=\"\" class=\"wp-image-637\" style=\"width:649px;height:auto\" srcset=\"https:\/\/czapla2.pl\/wp-content\/uploads\/2026\/03\/ONAS_Poznan-Wenecjanska-rozjasnione-1024x620.jpg 1024w, https:\/\/czapla2.pl\/wp-content\/uploads\/2026\/03\/ONAS_Poznan-Wenecjanska-rozjasnione-300x182.jpg 300w, https:\/\/czapla2.pl\/wp-content\/uploads\/2026\/03\/ONAS_Poznan-Wenecjanska-rozjasnione-768x465.jpg 768w, https:\/\/czapla2.pl\/wp-content\/uploads\/2026\/03\/ONAS_Poznan-Wenecjanska-rozjasnione.jpg 1500w\" sizes=\"auto, (max-width: 1024px) 100vw, 1024px\" \/><\/figure>\n<\/div>\n<\/div>\n\n\n\n<div class=\"wp-block-group has-global-padding is-layout-constrained wp-block-group-is-layout-constrained\">\n<hr class=\"wp-block-separator has-alpha-channel-opacity\"\/>\n\n\n\n<h2 class=\"wp-block-heading has-text-align-center is-style-default\" style=\"font-style:normal;font-weight:100\">Lotnisko \u0141awica &#8211; Pozna\u0144<\/h2>\n\n\n\n<div class=\"wp-block-group is-layout-grid wp-container-core-group-is-layout-b757edec wp-block-group-is-layout-grid\">\n<figure class=\"wp-block-image size-large wp-container-content-5e2576f9\"><img loading=\"lazy\" decoding=\"async\" width=\"1024\" height=\"500\" src=\"https:\/\/czapla2.pl\/wp-content\/uploads\/2026\/03\/ONAS_Lawica05-1024x500.jpg\" alt=\"\" class=\"wp-image-633\" style=\"aspect-ratio:1;object-fit:cover\" srcset=\"https:\/\/czapla2.pl\/wp-content\/uploads\/2026\/03\/ONAS_Lawica05-1024x500.jpg 1024w, https:\/\/czapla2.pl\/wp-content\/uploads\/2026\/03\/ONAS_Lawica05-300x146.jpg 300w, https:\/\/czapla2.pl\/wp-content\/uploads\/2026\/03\/ONAS_Lawica05-768x375.jpg 768w, https:\/\/czapla2.pl\/wp-content\/uploads\/2026\/03\/ONAS_Lawica05.jpg 1500w\" sizes=\"auto, (max-width: 1024px) 100vw, 1024px\" \/><\/figure>\n\n\n\n<figure class=\"wp-block-image size-large wp-container-content-5e2576f9\"><img loading=\"lazy\" decoding=\"async\" width=\"1024\" height=\"698\" src=\"https:\/\/czapla2.pl\/wp-content\/uploads\/2026\/03\/ONAS_Lawica02-1024x698.jpg\" alt=\"\" class=\"wp-image-632\" style=\"aspect-ratio:1;object-fit:cover\" srcset=\"https:\/\/czapla2.pl\/wp-content\/uploads\/2026\/03\/ONAS_Lawica02-1024x698.jpg 1024w, https:\/\/czapla2.pl\/wp-content\/uploads\/2026\/03\/ONAS_Lawica02-300x204.jpg 300w, https:\/\/czapla2.pl\/wp-content\/uploads\/2026\/03\/ONAS_Lawica02-768x523.jpg 768w, https:\/\/czapla2.pl\/wp-content\/uploads\/2026\/03\/ONAS_Lawica02.jpg 1500w\" sizes=\"auto, (max-width: 1024px) 100vw, 1024px\" \/><\/figure>\n<\/div>\n\n\n\n<figure class=\"wp-block-image size-large\"><img loading=\"lazy\" decoding=\"async\" width=\"1024\" height=\"580\" src=\"https:\/\/czapla2.pl\/wp-content\/uploads\/2026\/03\/ONAS_Lawica-Zdjecie-z-lotu-ptaka-1024x580.jpg\" alt=\"\" class=\"wp-image-631\" srcset=\"https:\/\/czapla2.pl\/wp-content\/uploads\/2026\/03\/ONAS_Lawica-Zdjecie-z-lotu-ptaka-1024x580.jpg 1024w, https:\/\/czapla2.pl\/wp-content\/uploads\/2026\/03\/ONAS_Lawica-Zdjecie-z-lotu-ptaka-300x170.jpg 300w, https:\/\/czapla2.pl\/wp-content\/uploads\/2026\/03\/ONAS_Lawica-Zdjecie-z-lotu-ptaka-768x435.jpg 768w, https:\/\/czapla2.pl\/wp-content\/uploads\/2026\/03\/ONAS_Lawica-Zdjecie-z-lotu-ptaka.jpg 1500w\" sizes=\"auto, (max-width: 1024px) 100vw, 1024px\" \/><\/figure>\n<\/div>\n\n\n\n<div class=\"wp-block-group has-global-padding is-layout-constrained wp-block-group-is-layout-constrained\">\n<hr class=\"wp-block-separator has-alpha-channel-opacity\"\/>\n\n\n\n<h2 class=\"wp-block-heading has-text-align-center is-style-default\" style=\"font-style:normal;font-weight:100\">Hala 15 &#8211; MTP Pozna\u0144<\/h2>\n\n\n\n<div class=\"wp-block-group is-content-justification-center is-nowrap is-layout-flex wp-container-core-group-is-layout-23441af8 wp-block-group-is-layout-flex\">\n<figure class=\"wp-block-image size-large is-resized\"><img loading=\"lazy\" decoding=\"async\" width=\"1024\" height=\"678\" src=\"https:\/\/czapla2.pl\/wp-content\/uploads\/2026\/03\/ONAS_Poznan-Hala-15-Targi-Poznanskie-1024x678.jpg\" alt=\"\" class=\"wp-image-635\" style=\"width:649px;height:auto\" srcset=\"https:\/\/czapla2.pl\/wp-content\/uploads\/2026\/03\/ONAS_Poznan-Hala-15-Targi-Poznanskie-1024x678.jpg 1024w, https:\/\/czapla2.pl\/wp-content\/uploads\/2026\/03\/ONAS_Poznan-Hala-15-Targi-Poznanskie-300x199.jpg 300w, https:\/\/czapla2.pl\/wp-content\/uploads\/2026\/03\/ONAS_Poznan-Hala-15-Targi-Poznanskie-768x508.jpg 768w, https:\/\/czapla2.pl\/wp-content\/uploads\/2026\/03\/ONAS_Poznan-Hala-15-Targi-Poznanskie.jpg 1500w\" sizes=\"auto, (max-width: 1024px) 100vw, 1024px\" \/><\/figure>\n<\/div>\n<\/div>\n\n\n\n<div class=\"wp-block-group has-global-padding is-layout-constrained wp-block-group-is-layout-constrained\">\n<hr class=\"wp-block-separator has-alpha-channel-opacity\"\/>\n\n\n\n<h2 class=\"wp-block-heading has-text-align-center is-style-default\" style=\"font-style:normal;font-weight:100\">Nobel Tower &#8211; Pozna\u0144<\/h2>\n\n\n\n<div class=\"wp-block-group is-content-justification-center is-nowrap is-layout-flex wp-container-core-group-is-layout-23441af8 wp-block-group-is-layout-flex\">\n<figure class=\"wp-block-image size-large is-resized\"><img loading=\"lazy\" decoding=\"async\" width=\"766\" height=\"1024\" src=\"https:\/\/czapla2.pl\/wp-content\/uploads\/2026\/03\/ONAS_NobTow_3307-22-766x1024.jpg\" alt=\"\" class=\"wp-image-658\" style=\"width:290px;height:auto\" srcset=\"https:\/\/czapla2.pl\/wp-content\/uploads\/2026\/03\/ONAS_NobTow_3307-22-766x1024.jpg 766w, https:\/\/czapla2.pl\/wp-content\/uploads\/2026\/03\/ONAS_NobTow_3307-22-224x300.jpg 224w, https:\/\/czapla2.pl\/wp-content\/uploads\/2026\/03\/ONAS_NobTow_3307-22-768x1027.jpg 768w, https:\/\/czapla2.pl\/wp-content\/uploads\/2026\/03\/ONAS_NobTow_3307-22-1149x1536.jpg 1149w, https:\/\/czapla2.pl\/wp-content\/uploads\/2026\/03\/ONAS_NobTow_3307-22.jpg 1500w\" sizes=\"auto, (max-width: 766px) 100vw, 766px\" \/><\/figure>\n\n\n\n<figure class=\"wp-block-image size-large is-resized\"><img loading=\"lazy\" decoding=\"async\" width=\"899\" height=\"1024\" src=\"https:\/\/czapla2.pl\/wp-content\/uploads\/2026\/03\/ONAS_NobTow_3215-35-899x1024.jpg\" alt=\"\" class=\"wp-image-657\" style=\"width:340px;height:auto\" srcset=\"https:\/\/czapla2.pl\/wp-content\/uploads\/2026\/03\/ONAS_NobTow_3215-35-899x1024.jpg 899w, https:\/\/czapla2.pl\/wp-content\/uploads\/2026\/03\/ONAS_NobTow_3215-35-263x300.jpg 263w, https:\/\/czapla2.pl\/wp-content\/uploads\/2026\/03\/ONAS_NobTow_3215-35-768x874.jpg 768w, https:\/\/czapla2.pl\/wp-content\/uploads\/2026\/03\/ONAS_NobTow_3215-35-1349x1536.jpg 1349w, https:\/\/czapla2.pl\/wp-content\/uploads\/2026\/03\/ONAS_NobTow_3215-35.jpg 1500w\" sizes=\"auto, (max-width: 899px) 100vw, 899px\" \/><\/figure>\n<\/div>\n<\/div>\n\n\n\n<div class=\"wp-block-group has-global-padding is-layout-constrained wp-block-group-is-layout-constrained\">\n<hr class=\"wp-block-separator has-alpha-channel-opacity\"\/>\n\n\n\n<h2 class=\"wp-block-heading has-text-align-center is-style-default\" style=\"font-style:normal;font-weight:100\">Dom Studencki Hanka &#8211; Pozna\u0144<\/h2>\n\n\n\n<div class=\"wp-block-group is-content-justification-center is-nowrap is-layout-flex wp-container-core-group-is-layout-23441af8 wp-block-group-is-layout-flex\">\n<figure class=\"wp-block-image size-large is-resized\"><img loading=\"lazy\" decoding=\"async\" width=\"1024\" height=\"647\" src=\"https:\/\/czapla2.pl\/wp-content\/uploads\/2026\/03\/ONAS_Dom-Studencki-Hanka-02-1024x647.jpg\" alt=\"\" class=\"wp-image-656\" style=\"width:323px;height:auto\" srcset=\"https:\/\/czapla2.pl\/wp-content\/uploads\/2026\/03\/ONAS_Dom-Studencki-Hanka-02-1024x647.jpg 1024w, https:\/\/czapla2.pl\/wp-content\/uploads\/2026\/03\/ONAS_Dom-Studencki-Hanka-02-300x190.jpg 300w, https:\/\/czapla2.pl\/wp-content\/uploads\/2026\/03\/ONAS_Dom-Studencki-Hanka-02-768x485.jpg 768w, https:\/\/czapla2.pl\/wp-content\/uploads\/2026\/03\/ONAS_Dom-Studencki-Hanka-02.jpg 1500w\" sizes=\"auto, (max-width: 1024px) 100vw, 1024px\" \/><\/figure>\n\n\n\n<figure class=\"wp-block-image size-large is-resized\"><img loading=\"lazy\" decoding=\"async\" width=\"1024\" height=\"672\" src=\"https:\/\/czapla2.pl\/wp-content\/uploads\/2026\/03\/ONAS_Dom-Studencki-Hanka-01-1024x672.jpg\" alt=\"\" class=\"wp-image-655\" style=\"width:309px;height:auto\" srcset=\"https:\/\/czapla2.pl\/wp-content\/uploads\/2026\/03\/ONAS_Dom-Studencki-Hanka-01-1024x672.jpg 1024w, https:\/\/czapla2.pl\/wp-content\/uploads\/2026\/03\/ONAS_Dom-Studencki-Hanka-01-300x197.jpg 300w, https:\/\/czapla2.pl\/wp-content\/uploads\/2026\/03\/ONAS_Dom-Studencki-Hanka-01-768x504.jpg 768w, https:\/\/czapla2.pl\/wp-content\/uploads\/2026\/03\/ONAS_Dom-Studencki-Hanka-01.jpg 1500w\" sizes=\"auto, (max-width: 1024px) 100vw, 1024px\" \/><\/figure>\n<\/div>\n<\/div>\n\n\n\n<p><\/p>\n","protected":false},"excerpt":{"rendered":"<p>Stary Browar etap I i II &#8211; Pozna\u0144 Greenpoint &#8211; Pozna\u0144 Browary Warszawskie &#8211; Warszawa Kosi\u0144skiego &#8211; Pozna\u0144 Palazzo Rosso &#8211; Pozna\u0144 Wenecja\u0144ska &#8211; Pozna\u0144 Lotnisko \u0141awica &#8211; Pozna\u0144 Hala 15 &#8211; MTP Pozna\u0144 Nobel Tower &#8211; Pozna\u0144 Dom Studencki Hanka &#8211; Pozna\u0144<\/p>\n","protected":false},"author":1,"featured_media":0,"parent":0,"menu_order":1,"comment_status":"closed","ping_status":"closed","template":"","meta":{"_acf_changed":false,"footnotes":""},"class_list":["post-623","page","type-page","status-publish","hentry"],"acf":[],"_links":{"self":[{"href":"https:\/\/czapla2.pl\/index.php?rest_route=\/wp\/v2\/pages\/623","targetHints":{"allow":["GET"]}}],"collection":[{"href":"https:\/\/czapla2.pl\/index.php?rest_route=\/wp\/v2\/pages"}],"about":[{"href":"https:\/\/czapla2.pl\/index.php?rest_route=\/wp\/v2\/types\/page"}],"author":[{"embeddable":true,"href":"https:\/\/czapla2.pl\/index.php?rest_route=\/wp\/v2\/users\/1"}],"replies":[{"embeddable":true,"href":"https:\/\/czapla2.pl\/index.php?rest_route=%2Fwp%2Fv2%2Fcomments&post=623"}],"version-history":[{"count":13,"href":"https:\/\/czapla2.pl\/index.php?rest_route=\/wp\/v2\/pages\/623\/revisions"}],"predecessor-version":[{"id":660,"href":"https:\/\/czapla2.pl\/index.php?rest_route=\/wp\/v2\/pages\/623\/revisions\/660"}],"wp:attachment":[{"href":"https:\/\/czapla2.pl\/index.php?rest_route=%2Fwp%2Fv2%2Fmedia&parent=623"}],"curies":[{"name":"wp","href":"https:\/\/api.w.org\/{rel}","templated":true}]}}